e
Does 11 divide 187?
True
Is 1464 a multiple of 15?
False
Is 840 a multiple of 42?
True
Is 5 a factor of 4786?
False
Does 28 divide 7448?
True
Is 5100 a multiple of 51?
True
Is 26 a factor of 35854?
True
Is 57 a factor of 7213?
False
Is 36 a factor of 3600?
True
Is 4 a factor of 2149?
False
Does 4 divide 390?
False
Is 13 a factor of 5187?
True
Is 3 a factor of 270?
True
Is 29 a factor of 1083?
False
Does 24 divide 4416?
True
Is 470 a multiple of 10?
True
Is 1396 a multiple of 63?
False
Is 56 a multiple of 18?
False
Is 3582 a multiple of 9?
True
Is 5 a multiple of 2?
False
Is 13 a factor of 871?
True
Is 28635 a multiple of 305?
False
Does 29 divide 6446?
False
Is 9 a factor of 2718?
True
Is 36 a factor of 792?
True
Is 17 a factor of 272?
True
Is 17 a factor of 1820?
False
Is 13 a factor of 8972?
False
Does 10 divide 36380?
True
Is 4536 a multiple of 108?
True
Does 31 divide 7409?
True
Is 5828 a multiple of 31?
True
Does 17 divide 1105?
True
Is 3924 a multiple of 4?
True
Is 59478 a multiple of 30?
False
Is 22274 a multiple of 19?
False
Does 61 divide 12967?
False
Is 67 a factor of 52528?
True
Is 816 a multiple of 24?
True
Does 12 divide 7254?
False
Is 11 a factor of 363?
True
Does 38 divide 1558?
True
Does 11 divide 2486?
True
Does 2 divide 324?
True
Is 3100 a multiple of 20?
True
Is 44 a factor of 1276?
True
Is 312 a factor of 111169?
False
Is 3614 a multiple of 5?
False
Is 37 a factor of 6290?
True
Does 5 divide 945?
True
Does 13 divide 6876?
False
Does 14 divide 17794?
True
Does 6 divide 153?
False
Does 13 divide 14093?
False
Is 705 a multiple of 47?
True
Does 15 divide 32832?
False
Is 3616 a multiple of 16?
True
Does 126 divide 5418?
True
Does 388 divide 37636?
True
Is 43386 a multiple of 86?
False
Is 3 a factor of 5363?
False
Does 12 divide 8172?
True
Does 11 divide 924?
True
Does 28 divide 11221?
False
Is 12 a factor of 108?
True
Is 370 a multiple of 185?
True
Does 41 divide 44321?
True
Is 144 even?
True
Does 6 divide 150?
True
Is 56636 a multiple of 183?
False
Is 57264 a multiple of 24?
True
Does 146 divide 6743?
False
Is 18963 a multiple of 7?
True
Does 25 divide 7021?
False
Is 20067 a multiple of 47?
False
Does 78 divide 1325?
False
Is 1590 a multiple of 31?
False
Is 240 a multiple of 15?
True
Is 15078 a multiple of 7?
True
Does 47 divide 1692?
True
Does 135 divide 32670?
True
Is 273 a factor of 63403?
False
Is 22 a factor of 2096?
False
Does 15 divide 299?
False
Is 40 a factor of 125?
False
Is 11 a factor of 2629?
True
Is 97 a factor of 43165?
True
Is 8 a factor of 1408?
True
Is 19364 a multiple of 188?
True
Does 12 divide 640?
False
Is 4654 a multiple of 13?
True
Does 81 divide 4050?
True
Is 3 a factor of 52?
False
Does 57 divide 1881?
True
Does 21 divide 315?
True
Does 83 divide 891?
False
Is 18355 a multiple of 35?
False
Is 20 a factor of 1736?
False
Does 27 divide 1023?
False
Is 1284 a multiple of 12?
True
Is 1294 a multiple of 55?
False
Does 104 divide 6406?
False
Is 87 a factor of 10195?
False
Is 2430 a multiple of 45?
True
Is 1289 even?
False
Is 22099 a multiple of 11?
True
Is 154 a factor of 53072?
False
Does 4 divide 178?
False
Is 117 a multiple of 13?
True
Is 54 a factor of 5815?
False
Does 89 divide 3026?
True
Is 12 a factor of 245?
False
Is 53 a factor of 530?
True
Does 28 divide 215?
False
Is 48 a factor of 34896?
True
Is 1997 a multiple of 11?
False
Is 96 a factor of 30611?
False
Does 57 divide 8493?
True
Is 2105 a multiple of 43?
False
Is 7 a factor of 1312?
False
Is 26 a factor of 1284?
False
Is 22 a factor of 616?
True
Does 14 divide 238?
True
Does 53 divide 4355?
False
Does 157 divide 15700?
True
Is 779 a multiple of 79?
False
Is 25 a factor of 317?
False
Does 70 divide 1100?
False
Is 16 a factor of 50?
False
Does 36 divide 11280?
False
Is 16 a factor of 541?
False
Is 38893 a multiple of 23?
True
Is 15765 a multiple of 102?
False
Does 10 divide 3441?
False
Is 16 a factor of 8466?
False
Is 21 a factor of 1680?
True
Does 76 divide 3407?
False
Is 8 a factor of 2648?
True
Is 19 a factor of 1430?
False
Does 38 divide 38190?
True
Does 3 divide 682?
False
Does 9 divide 8562?
False
Does 27 divide 5474?
False
Does 203 divide 7020?
False
Does 40 divide 3739?
False
Does 358 divide 76250?
False
Is 1190 a multiple of 14?
True
Is 330 a multiple of 22?
True
Does 13 divide 5510?
False
Is 49 a factor of 3332?
True
Is 16688 a multiple of 28?
True
Is 37 a factor of 481?
True
Does 40 divide 27719?
False
Does 9 divide 2133?
True
Does 28 divide 924?
True
Does 25 divide 3900?
True
Is 123 a factor of 12054?
True
Is 70 a factor of 49210?
True
Is 76 a factor of 35889?
False
Is 168 a factor of 141686?
False
Is 17 a factor of 385?
False
Is 19809 a multiple of 4?
False
Does 25 divide 8465?
False
Is 11872 a multiple of 14?
True
Is 25 a factor of 500?
True
Is 1394 a multiple of 17?
True
Does 17 divide 1479?
True
Is 99 a multiple of 9?
True
Is 6972 a multiple of 140?
False
Is 45 a factor of 855?
True
Does 8 divide 12117?
False
Does 12 divide 27191?
False
Is 33 a factor of 2805?
True
Is 35 a factor of 19488?
False
Does 8 divide 9188?
False
Is 40 a factor of 4807?
False
Is 272 a multiple of 17?
True
Is 29 a factor of 2523?
True
Is 300 a multiple of 10?
True
Is 14 a factor of 490?
True
Does 24 divide 21744?
True
Is 1360 a multiple of 5?
True
Does 65 divide 30811?
False
Does 179 divide 9880?
False
Does 10 divide 273?
False
Does 16 divide 19191?
False
Is 7 a factor of 140?
True
Is 10 a factor of 750?
True
Is 11 a factor of 8557?
False
Is 1387 a multiple of 20?
False
Is 4 a factor of 260?
True
Is 126 a multiple of 63?
True
Is 387 a multiple of 21?
False
Is 30533 a multiple of 9?
False
Is 11 a factor of 6418?
False
Is 1126 a multiple of 38?
False
Is 26 a factor of 3146?
True
Is 22 a factor of 739?
False
Is 18 a factor of 2412?
True
Is 5 a factor of 39?
False
Is 4368 a multiple of 24?
True
Does 4 divide 57?
False
Does 50 divide 34100?
True
Is 16 a factor of 457?
False
Is 8 a factor of 29240?
True
Is 271 a factor of 78386?
False
Does 76 divide 28330?
False
Is 24 a factor of 864?
True
Is 31 a factor of 460?
False
Is 1398 a multiple of 17?
False
Is 1188 a multiple of 9?
True
Does 67 divide 1948?
False
Does 13 divide 1911?
True
Is 14399 a multiple of 66?
False
Is 37 a factor of 2728?
False
Is 455 a multiple of 13?
True
Does 7 divide 7256?
False
Is 10475 a multiple of 134?
False
Is 22 a factor of 4659?
False
Does 18 divide 19692?
True
Is 8813 a multiple of 7?
True
Is 75 a factor of 900?
True
Is 35 a factor of 743?
False
Does 38 divide 2156?
False
Is 144 a factor of 27072?
True
Is 92 a factor of 6212?
False
Does 9 divide 11880?
True
Is 66 even?
True
Is 4672 a multiple of 73?
True
Is 5 a factor of 2715?
True
Is 3344 a multiple of 16?
True
Is 1360 a multiple of 85?
True
Does 54 divide 228?
False
Is 23247 a multiple of 7?
True
Does 16 divide 2683?
False
Is 1410 a multiple of 20?
False
Is 90414 a multiple of 41?
False
Does 5 divide 225?
True
Does 19 divide 2723?
False
Is 338 a multiple of 13?
True
Does 12 divide 328?
False
Does 6 divide 1054?
False
Is 140 a multiple of 5?
True
Is 105 a factor of 2730?
True
Is 96 a factor of 27456?
True
Is 74305 a multiple of 11?
True
Is 48360 a multiple of 8?
True
Is 13 a factor of 4096?
False
Does 21 divide 1203?
False
Is 358 a multiple of 8?
False
Is 16 a factor of 704?
True
Is 5354 a multiple of 43?
False
Is 524 a multiple of 10?
False
Is 43510 a multiple of 19?
True
Does 6 divide 15246?
True
Is 9 a factor of 143?
False
Is 1201 a multiple of 23?
False
Does 22 divide 63162?
True
Is 1104 a multiple of 48?
True
Is 1246 a multiple of 18?
False
Is 32997 a multiple of 49?
False
Is 44543 a multiple of 78?
False
Is 588 a multiple of 17?
False
Is 15 a factor of 45?
True
Does 15 divide 13516?
False
Does 15 divide 3855?
True
Is 46 a multiple of 4?
False
Is 3 a factor of 1206?
True
Does 91 divide 70639?
False
Is 64330 a multiple of 11?
False
Does 16 divide 595?
False
Is 3 a factor of 143?
False
Is 70058 a multiple of 42?
False
Is 23 a factor of 437?
True
Does 19 divide 3568?
False
Does 9 divide 313?
False
Does 19 divide 266?
True
Does 4 divide 256?
True
Does 31 divide 2622?
False
Is 187 a factor of 43300?
False
Is 59 a factor of 826?
True
Is 14 a factor of 1585?
False
Is 27 a factor of 11148?
False
Is 10 a factor of 8200?
True
Is 38879 